e?
True
Is 36552081 a prime number?
False
Is 15166961 a prime number?
True
Is 13486879 composite?
True
Is 14698466 prime?
False
Is 2056009 a prime number?
False
Is 241871041 a prime number?
False
Is 907318 a composite number?
True
Is 100834007 a composite number?
True
Is 9204487 composite?
True
Is 19675609 a composite number?
False
Is 358326979 a composite number?
True
Is 2905297 a composite number?
True
Is 209477837 a prime number?
True
Is 2488891 composite?
False
Is 176941 a prime number?
False
Is 347258189 a prime number?
False
Is 617873 a prime number?
True
Is 390361 prime?
False
Is 1870118 composite?
True
Is 498643 a composite number?
False
Is 178698617 a prime number?
False
Is 42079 prime?
False
Is 10785205 a prime number?
False
Is 975456907 a composite number?
False
Is 1674011 a prime number?
True
Is 26659931 composite?
False
Is 160891037 prime?
True
Is 40757659 composite?
False
Is 3132149 a composite number?
False
Is 760607 prime?
True
Is 143121697 a prime number?
True
Is 7664123 a composite number?
False
Is 6926831 prime?
False
Is 12823141 a composite number?
False
Is 1612087 prime?
False
Is 8960689 a composite number?
False
Is 513593 a prime number?
True
Is 14882657 composite?
True
Is 72247247 a composite number?
False
Is 308211203 a composite number?
False
Is 1677307 prime?
False
Is 335551 a composite number?
True
Is 11859833 prime?
True
Is 422846365 composite?
True
Is 11138821 a prime number?
True
Is 380519 a composite number?
True
Is 1188085433 prime?
True
Is 11867027 composite?
False
Is 25599461 a composite number?
False
Is 44143 composite?
True
Is 1397878 a prime number?
False
Is 10529671 composite?
True
Is 482179 a prime number?
True
Is 4357939 a composite number?
True
Is 2968811 a composite number?
True
Is 15658933 a composite number?
True
Is 18171737 a prime number?
False
Is 18184385 prime?
False
Is 575987 a prime number?
True
Is 12508953 a composite number?
True
Is 42418153 prime?
True
Is 5018171 composite?
True
Is 6422743 a prime number?
False
Is 17583691 composite?
False
Is 124675085 prime?
False
Is 12225799 a composite number?
True
Is 44330887 composite?
False
Is 25383441 a composite number?
True
Is 213751991 a composite number?
True
Is 5878757 composite?
True
Is 278261 a prime number?
True
Is 5299057 a composite number?
False
Is 498493 prime?
True
Is 123323987 composite?
False
Is 2695867 a prime number?
True
Is 428354 a prime number?
False
Is 30167734 prime?
False
Is 3160519 prime?
True
Is 68894963 a composite number?
False
Is 939451 composite?
False
Is 1579187 prime?
True
Is 24502987 composite?
True
Is 33471167 a composite number?
False
Is 19894151 a composite number?
True
Is 6758723 composite?
False
Is 3808963 prime?
True
Is 1758893 prime?
True
Is 2222267 prime?
False
Is 7625947 a composite number?
True
Is 50747251 prime?
True
Is 17463521 a prime number?
True
Is 23646923 composite?
False
Is 179564327 prime?
False
Is 5770663 composite?
True
Is 7263623 prime?
True
Is 581909 a prime number?
True
Is 16904267 composite?
True
Is 348042049 composite?
True
Is 116741789 a composite number?
False
Is 37399457 a prime number?
True
Is 16072297 a composite number?
False
Is 170029311 a prime number?
False
Is 5748247 a composite number?
True
Is 199021 a composite number?
False
Is 2761573 composite?
True
Is 791022899 composite?
True
Is 7739167 prime?
True
Is 496099 composite?
True
Is 62828287 prime?
False
Is 71441677 prime?
True
Is 12628186 composite?
True
Is 8835863 composite?
False
Is 5100767 a prime number?
False
Is 3360391 a composite number?
False
Is 27719543 a prime number?
True
Is 26111851 a composite number?
True
Is 4024667 composite?
False
Is 90044891 a prime number?
True
Is 3023881 a composite number?
True
Is 810731 a composite number?
True
Is 2910419 a prime number?
True
Is 3351459 composite?
True
Is 1793527 composite?
True
Is 26787997 a prime number?
False
Is 72965239 composite?
False
Is 115402213 prime?
False
Is 3545461 prime?
True
Is 23097053 a composite number?
True
Is 22141117 a prime number?
True
Is 298726297 a prime number?
True
Is 849869 prime?
True
Is 955379 prime?
True
Is 203160091 composite?
False
Is 26941037 composite?
True
Is 23802529 prime?
False
Is 132446661 prime?
False
Is 272920121 a prime number?
True
Is 10502359 composite?
True
Is 12460949 prime?
False
Is 6830611 a prime number?
True
Is 278221369 prime?
False
Is 18148331 prime?
True
Is 1425371 prime?
True
Is 38547419 prime?
False
Is 816649 a prime number?
True
Is 33999269 a prime number?
False
Is 55267 a composite number?
True
Is 2949679 composite?
False
Is 17664571 a prime number?
True
Is 3381043 composite?
True
Is 10553479 a prime number?
False
Is 1659613 a prime number?
True
Is 3006071 a composite number?
True
Is 686370823 a prime number?
True
Is 123425101 composite?
False
Is 10664923 composite?
False
Is 125096341 prime?
False
Is 13943743 a prime number?
False
Is 281555 a prime number?
False
Is 115546 prime?
False
Is 52627 a composite number?
False
Is 321032093 a composite number?
False
Is 80806771 a composite number?
True
Is 222422 a prime number?
False
Is 37412867 composite?
True
Is 359303 a composite number?
True
Is 30994663 a prime number?
False
Is 165817963 prime?
True
Is 29264269 a composite number?
False
Is 5359801 prime?
True
Is 7313533 a composite number?
True
Is 1997219 prime?
False
Is 11772065 composite?
True
Is 48798073 prime?
True
Is 5848883 a composite number?
False
Is 206615863 prime?
True
Is 54387205 a composite number?
True
Is 270269 a composite number?
False
Is 2061733 composite?
False
Is 680999 a composite number?
True
Is 57614 prime?
False
Is 10162351 a composite number?
False
Is 14692157 composite?
False
Is 3172673 prime?
False
Is 5185619 a composite number?
False
Is 11846287 a prime number?
False
Is 501016343 a composite number?
True
Is 5753833 a prime number?
False
Is 167470517 a prime number?
True
Is 8223541 a composite number?
False
Is 7624453 a composite number?
True
Is 5346409 a prime number?
True
Is 9002237 composite?
True
Is 17146586 a prime number?
False
Is 3656509 composite?
False
Is 125559373 composite?
False
Is 13598239 prime?
False
Is 1943159 composite?
True
Is 440062789 composite?
True
Is 17869753 a composite number?
True
Is 1283322783 a composite number?
True
Is 2412131 a prime number?
True
Is 238541939 a composite number?
False
Is 4139129 a composite number?
False
Is 85900057 a prime number?
True
Is 4992661 a composite number?
False
Is 18658153 a prime number?
True
Is 4134698 composite?
True
Is 95589331 a composite number?
False
Is 1248101 a composite number?
False
Is 66267811 a prime number?
True
Is 1586441 a prime number?
False
Is 496499 a prime number?
True
Is 46505311 prime?
True
Is 2936069 a prime number?
True
Is 70522897 a prime number?
False
Is 16422959 composite?
True
Is 1322557 a composite number?
False
Is 10489181 prime?
True
Is 146369109 composite?
True
Is 356731 a prime number?
True
Is 20225749 a composite number?
False
Is 1683139 composite?
True
Is 149057857 prime?
False
Is 33807377 composite?
False
Is 2020037 a prime number?
True
Is 71708447 a prime number?
False
Is 9605489 a prime number?
False
Is 46728439 a composite number?
True
Is 32107 a composite number?
True
Is 14446703 a composite number?
False
Is 234763 a composite number?
True
Is 6454489 prime?
True
Is 27528679 a composite number?
True
Is 187358363 a composite number?
False
Is 2703709 prime?
False
Is 1556179109 a composite number?
False
Is 17240513 a prime number?
True
Is 6467365 a prime number?
False
Is 176272963 composite?
False
Is 225138607 prime?
True
Is 38998537 prime?
True
Is 147604313 a composite number?
True
Is 119027371 prime?
False
Is 144113419 a composite number?
False
Is 1345334 composite?
True
Is 83957 a composite number?
True
Is 2582533 a prime number?
False
Is 638023 composite?
False
Is 149680333 a prime number?
False
Is 4389839 a prime number?
True
Is 120554957 prime?
True
Is 950887 a composite number?
True
Is 58414789 a composite number?
False
Is 3744493 a prime number?
True
Is 10560554 a composite number?
True
Is 3510019 a composite number?
True
Is 3884887 a composite number?
True
Is 111373 a composite number?
False
Is 200115813 a composite number?
True
Is 22683179 prime?
True
Is 5181643 composite?
True
Is 17531693 a pri